 factor of l and 5?
1
Let s be 3 - (-29 + 1)*2. What is the greatest common divisor of s and 177?
59
Let j be 117/(-3)*(-8)/(-12). Let z = -10 + j. Let l be (39 - -1)*z/(-30). Calculate the greatest common divisor of 16 and l.
16
Let t(j) = 4*j**2 - 4*j - 12. Let q be t(-2). What is the greatest common factor of 28 and q?
4
Suppose -4*u = -163 + 3. Let o(c) = c**2 - 46*c + 53. Let f be o(45). What is the highest common divisor of u and f?
8
Let w(n) = 6*n**2 - 1. Let r be w(-1). Suppose 162 = r*y - 118. Let c = -11 + 18. What is the greatest common divisor of c and y?
7
Let u(p) = -p - 6. Let s be u(-5). Let t(x) = -33*x + 2. Let n be t(s). Suppose -b + 2*j - 4*j = 1, -j + 3 = b. Calculate the highest common divisor of b and n.
7
Let s be ((-12)/(-10))/((-63)/(-2100)). Let m = 0 - -5. Calculate the highest common divisor of s and m.
5
Let l(p) = 116*p**2 - p + 2. Let g be l(1). Calculate the highest common divisor of g and 18.
9
Suppose -4*b - 2*h + 27 = b, 3*b = 3*h + 12. Suppose -4*a - b*q = -5*a + 58, -4*a + 137 = -q. Calculate the highest common factor of 132 and a.
33
Let v(m) = 3*m**2 + m**2 - 5 - 13*m + 0*m**2. Let z(o) = 8*o - 201. Let x be z(26). Let k be v(x). Calculate the highest common factor of 10 and k.
10
Suppose 0 = 5*c - 6*i + 9*i - 1674, 15 = 5*i. Calculate the greatest common divisor of 185 and c.
37
Let p(f) = f**3 + 16*f**2 + 27*f + 1. Let c be p(-12). What is the highest common divisor of 23 and c?
23
Suppose 7*p - 4*r - 13 = 2*p, 4*p = -3*r + 29. Let g = 97 - 93. Suppose p*j - k = -g*k + 486, 3*j - 282 = -5*k. What is the highest common factor of 9 and j?
9
Let n(t) = -t + 7. Let q be n(5). Let u = -1215 - -1218. Calculate the highest common factor of u and q.
1
Let h = 40 + -24. Let j = 22 - h. What is the highest common factor of j and 42?
6
Let c be (1605/(-3))/(-5) - (3 + 0). Suppose -k = w + 2*k - 17, -3*w = 3*k - 69. What is the greatest common divisor of w and c?
26
Suppose 41 = 2*r - 29. Suppose 4*b = -h + 47, 148 = 3*h + 5*b - 0*b. Let q = h - r. What is the highest common divisor of 128 and q?
16
Let z(i) = 0*i**2 + 2*i**2 + 4*i**2 - 4*i + i**2 - 1. Let r be z(-2). Let q be 4 - -2*(-1)/(-2). What is the greatest common divisor of r and q?
5
Let n(h) = 54*h**2 - 15*h + 16. Let l be n(1). What is the greatest common factor of l and 11?
11
Let c(o) = 19*o**2 + 2*o - 17. Let g be c(5). What is the highest common factor of 108 and g?
36
Suppose 24 = -3*r - 9. Let w = 15 + r. Let u be (-30)/(-3)*(-24)/(-15). What is the greatest common divisor of u and w?
4
Let x be (30*1)/(6/4). Suppose 53*v - 20 = 48*v. Calculate the highest common factor of x and v.
4
Let x be 3219/148*(-152)/(-6). What is the greatest common divisor of 19 and x?
19
Let b(z) = -2*z + 56. Let f be b(13). Let a be ((-96)/5)/(f/(-375)). What is the highest common factor of a and 20?
20
Let s be 1/(-2) + 7 + (-228)/(-24). What is the highest common divisor of 16 and s?
16
Let x = -182 - -347. What is the highest common factor of x and 45?
15
Let o = 98 + -47. What is the greatest common divisor of o and 3?
3
Let i be (4 - 3)/((-2)/(-36)). Let x = 17 + -15. What is the highest common divisor of i and x?
2
Suppose -c + 4*c = p + 14, -4*c + 15 = -5*p. Suppose 3*w + c = -10. Let f = w + 13. What is the highest common divisor of 8 and f?
8
Suppose -8*x + 10*x = 8. Let g be 10/x - (-1)/(-2). Suppose g*w = w + 105. What is the greatest common factor of 15 and w?
15
Let l be 43/7 + 16/(-112). What is the highest common factor of l and 150?
6
Suppose -3*c = -0*c - 57. Let q be 16/6*198/(-4). Let s = q + 189. What is the greatest common divisor of s and c?
19
Let a be -4 - -6*5/1. Suppose 0 = -5*x - 1 + 11. Suppose 65 = -f + x*f. Calculate the greatest common factor of a and f.
13
Suppose 0 = -4*f + 3*b + 243, 4*f + 4*b - 265 = -f. Calculate the greatest common divisor of f and 57.
57
Suppose 0 = 3*q - 3*l + 4*l - 122, -5*q + 2*l = -218. Suppose -3*d = -2*z + z - 314, 5*d - 520 = 5*z. Calculate the greatest common divisor of q and d.
21
Let x = -7 + 28. Let y = 367 + -346. What is the highest common factor of y and x?
21
Suppose z + 2*g - 10 = 0, 6*z = 4*z + 5*g + 29. Suppose -z = -5*l + 4*m, 0 = l + 4*m - 0*m - 12. Calculate the highest common divisor of 36 and l.
4
Let n be 176/22 + 542 + 3. What is the greatest common factor of n and 158?
79
Suppose -34*d + 86905 = 11085. What is the highest common divisor of d and 20?
10
Suppose 41*t + 294 = 48*t. What is the greatest common divisor of t and 28?
14
Let t = 82 + -58. Let s be (-1346)/(-6) - (-16)/t. What is the highest common divisor of s and 25?
25
Let l be (-1 - -3) + 2 - -29. What is the greatest common divisor of 12 and l?
3
Suppose 8*i - 216 = -i. Suppose -4*x = -j + 2*j + 16, i = j - 4*x. What is the greatest common divisor of j and 4?
4
Suppose 70 = 8*w - 3*w. Let u = 4062 + -3908. Calculate the highest common factor of w and u.
14
Let b(r) be the first derivative of 0*r**3 - 4 + 1/2*r**2 + 1/4*r**4 + 17*r. Let o be b(0). Calculate the highest common factor of o and 85.
17
Suppose 52 = 4*f - 4*i, -2*f + i = 2*i - 17. Suppose -50*u = 75*u - 2500. What is the highest common factor of u and f?
10
Suppose -4*l = 4*i - 44, 5*l - 58 = -3*i + i. What is the highest common factor of 24 and l?
12
Suppose -52 = -3*b - b. Let q be b - (0 - 2) - -1. Let m(r) = 19*r + 23. Let y be m(-1). What is the highest common divisor of y and q?
4
Suppose 45*y = -24*y + 1242. What is the greatest common divisor of 3960 and y?
18
Suppose 15*i - 3*i - 48 = 0. Calculate the highest common divisor of i and 38.
2
Let o be (0 + 12/(-9))/(1/(-3)). Suppose -20 - 212 = -o*p. Let a(j) = j + 29. Let x be a(0). Calculate the greatest common factor of p and x.
29
Let o(z) = -z**3 + 16*z**2 - 8*z - 70. Let y be o(14). Calculate the greatest common factor of y and 150.
30
Let o(i) = -i**3 + 5*i**2 + 14*i + 12. Let j be o(7). Calculate the greatest common divisor of 12 and j.
12
Suppose -2*s = -3*p - 9, -20 = -3*s - 4*p + 19. Suppose -5*u + u + 16 = 0. Suppose u*f - 243 = f. What is the highest common divisor of f and s?
9
Let r(d) be the first derivative of 3*d**2 - 36*d + 16. Let n be r(7). Calculate the highest common divisor of n and 3.
3
Let p be 81/6*(-13 - -27). What is the highest common factor of 21 and p?
21
Suppose -5*d + 251 = -3*u, 93 = 2*u - 3*u + 4*d. Let o = u - -145. Calculate the greatest common divisor of o and 4.
4
Suppose -48 = -200*b + 196*b. Suppose -b = 48*i - 50*i. Calculate the greatest common divisor of i and 8.
2
Let o = -92 + 88. Let l be (4/(-2))/(o/34). Let y(h) = 9*h**2 - h - 4. Let q be y(4). Calculate the greatest common factor of q and l.
17
Let q = 74 + -45. Suppose 4*y + 2*s - q - 13 = 0, 4 = 3*y - 4*s. Calculate the greatest common factor of y and 4.
4
Suppose 0 = -b - 3*a + 8, -4*b + 5*a + 2 - 4 = 0. Suppose 5*q + 0*v - v = 40, -4*v = -2*q - b. Calculate the highest common divisor of q and 81.
9
Let t(h) = 6*h**2 - 56*h - 14. Let x be t(-21). What is the highest common factor of x and 68?
68
Let u = 51 - 47. Suppose 0 = u*q + 12, -44 = -2*c - 3*q - 5. What is the highest common factor of c and 12?
12
Let p be 4/(-6) + (-2)/(-3). Suppose d + p - 1 = 0. Let h be (1 + -2)/(((-3)/(-132))/(22/(-88))). Calculate the greatest common factor of d and h.
1
Let h = -1321 + 1332. What is the highest common divisor of 187 and h?
11
Let g = 807 - 555. Let k = -154 + g. Suppose -4*n = -7*n + 42. What is the highest common divisor of k and n?
14
Let g(k) = 4*k**3 + 7 - 13 + 8 + 3*k**2 - 2*k. Let n be g(2). What is the greatest common divisor of 420 and n?
42
Let t(d) = -55*d - 1. Let w be t(-1). Let j = -22 + 27. Suppose j = -x + 11. What is the highest common divisor of w and x?
6
Suppose 0 = -3*v + 49 + 53. What is the greatest common factor of 68 and v?
34
Let j(a) = -a**2 - 6*a + 9. Let m be j(-8). Let g(c) = 2*c**2 + 3*c - 17. Let x be g(m). Calculate the highest common factor of 40 and x.
20
Let k(d) = -d + 2. Let j be k(0). Suppose r - j*r = -48. Suppose -4*w = -134 + 6. Calculate the greatest common factor of r and w.
16
Let u be (-100)/(-40) + (-10)/(-4). What is the greatest common divisor of u and 45?
5
Suppose -3*x - 2*w = -203, -2*x = -2*w - 2*w - 114. What is the greatest common divisor of x and 5?
